{"id":414,"date":"2017-02-16T13:09:56","date_gmt":"2017-02-16T12:09:56","guid":{"rendered":"http:\/\/dacapomobil.de\/?page_id=414"},"modified":"2022-12-01T21:14:41","modified_gmt":"2022-12-01T19:14:41","slug":"aktuelles","status":"publish","type":"page","link":"https:\/\/dacapomobil.de\/?page_id=414","title":{"rendered":"Vergangenes"},"content":{"rendered":"<h2>&nbsp;<\/h2>\n<h2>&nbsp;<\/h2>\n<p style=\"text-align: center;\"><span style=\"font-family: 'trebuchet ms', geneva, sans-serif; font-size: 14pt;\"><span style=\"font-family: verdana, geneva, sans-serif;\"><span style=\"font-family: verdana, geneva, sans-serif;\">Bald finden Sie hier auch<br \/>\nVergangenes von Justin Jansen.<\/span>&nbsp;<\/p>\n<p><\/span><\/span><\/p>\n<p style=\"text-align: center;\">__________________________________________<\/p>\n<h2 style=\"text-align: center;\"><strong><span style=\"font-size: 14pt; color: #ff6600; font-family: 'trebuchet ms', geneva, sans-serif;\"><br \/>\nSommerb\u00fchne 2021<br \/>\nmit Au\u00dfengastronomie auf dem Rudolf-Schock-Platz<\/span><\/strong><\/h2>\n<p style=\"text-align: center;\"><span style=\"font-family: verdana, geneva, sans-serif;\"><strong>Vorhang auf f\u00fcr die D\u00fcrener Sommerb\u00fchne 2021!<\/strong><\/span><\/p>\n<p style=\"text-align: center;\"><span style=\"font-family: verdana, geneva, sans-serif;\">Vom 7. August bis 5. September 2021<\/span><br \/>\n<span style=\"font-family: verdana, geneva, sans-serif;\">wird der Rudolf-Schock-Platz vor dem Haus der Stadt<\/span><br \/>\n<span style=\"font-family: verdana, geneva, sans-serif;\">zu einer Begegnungsb\u00fchne f\u00fcr Jung und Alt.<\/span><\/p>\n<p style=\"text-align: center;\"><span style=\"font-family: verdana, geneva, sans-serif;\">Anl\u00e4sslich des Jubil\u00e4ums \u201e30 Jahre Haus der Stadt\u201c bietet D\u00fcren Kultur<\/span><br \/>\n<span style=\"font-family: verdana, geneva, sans-serif;\">in diesem Jahr eine Open-Air-Veranstaltungsreihe<\/span><br \/>\n<span style=\"font-family: verdana, geneva, sans-serif;\">mit vielf\u00e4ltigen Programmpunkten an.<\/span><\/p>\n<p style=\"text-align: center;\"><span style=\"font-family: verdana, geneva, sans-serif;\">Wir freuen uns darauf Sie mit Getr\u00e4nken und<\/span><br \/>\n<span style=\"font-family: verdana, geneva, sans-serif;\">kleinen K\u00f6stlichkeiten auch hier zu bewirten!<\/span><\/p>\n<p style=\"text-align: center;\"><span style=\"font-family: verdana, geneva, sans-serif;\">Unsere aktuelle Getr\u00e4nke- \/ Speise-Karte<br \/>\nf\u00fcr die Sommerb\u00fchne <\/span><span style=\"font-family: verdana, geneva, sans-serif;\">finden Sie auf der Seite <\/span><br \/>\n<span style=\"font-family: verdana, geneva, sans-serif;\"><strong>Haus der Stadt!<\/strong><\/span><\/p>\n<p>&nbsp;<\/p>\n<p style=\"text-align: center;\">__________________________________________<\/p>\n<p style=\"text-align: center;\"><strong><span style=\"color: #ff6600; font-family: Trebuchet MS;\">Silvester 2018<\/span><\/strong><\/p>\n<p style=\"text-align: center;\"><span style=\"font-family: trebuchet ms,geneva,sans-serif;\">Nach einem sehr erfolgreichen Silvester-Dinner im letzten Jahr<\/span><br \/>\n<span style=\"font-family: trebuchet ms,geneva,sans-serif;\">freuen wir uns Sie hoffentlich in diesem Jahr wieder<br \/>\nals unsere G\u00e4ste begr\u00fc\u00dfen zu d\u00fcrfen.&nbsp;<\/span><\/p>\n<p style=\"text-align: center;\"><span style=\"color: #ff6600; font-family: trebuchet ms,geneva,sans-serif; font-size: 14pt;\"><strong>In diesem Jahr erwartet Sie ab 18.00 Uhr <\/strong><\/span><br \/>\n<span style=\"font-family: trebuchet ms,geneva,sans-serif; font-size: 14pt;\"><span style=\"color: #ff6600;\"><strong>vor &#8222;Gogol &amp; M\u00e4x&#8220;<\/strong><\/span><br \/>\n<span style=\"color: #ff6600;\"><strong>wieder ein festliches Silvester-Men\u00fc<br \/>\nim Bistro DaCapo.<\/strong><\/span><\/span><\/p>\n<p style=\"text-align: center;\"><span style=\"font-family: trebuchet ms,geneva,sans-serif;\">Nat\u00fcrlich bieten wir auch f\u00fcr alle anderen Theater-Besucher<\/span><br \/>\n<span style=\"font-family: trebuchet ms,geneva,sans-serif;\">ab 20.00 Uhr leckere K\u00f6stlichkeiten im Foyer an!<\/span><\/p>\n<p style=\"text-align: center;\"><span style=\"font-family: trebuchet ms,geneva,sans-serif;\">Karten f\u00fcr das Silvester-Men\u00fc<\/span><br \/>\n<span style=\"font-family: trebuchet ms,geneva,sans-serif;\">&amp; auch f\u00fcr &#8222;Humor in concert&#8220; erhalten Sie<\/span><br \/>\n<span style=\"font-family: trebuchet ms,geneva,sans-serif;\">wie gewohnt im I-Punkt in D\u00fcren!&nbsp;<\/span><\/p>\n<p style=\"text-align: center;\"><span style=\"font-family: trebuchet ms,geneva,sans-serif;\">Feiern Sie mit uns in das neue Jahr hinein!<\/span><\/p>\n<p style=\"text-align: center;\"><span style=\"font-family: trebuchet ms,geneva,sans-serif;\">Wir freuen uns auf Sie!<br \/>\n<\/span><br \/>\n<span style=\"color: #000000; font-size: 14pt;\"><strong><span style=\"font-family: trebuchet ms,geneva,sans-serif;\">Richard B\u00fchl<\/span><\/strong><\/span><br \/>\n<span style=\"color: #000000; font-size: 14pt;\"><strong><span style=\"font-family: trebuchet ms,geneva,sans-serif;\">&amp; sein Team von DaCapomobil<\/span><\/strong><\/span><\/p>\n<p style=\"text-align: center;\">&nbsp;<br \/>\n__________________________________________<\/p>\n<p style=\"text-align: center;\"><span style=\"font-family: trebuchet ms,geneva,sans-serif;\"><br \/>\n<span style=\"color: #ff6600; font-size: 14pt;\"><strong>Am Sonntag, den 27. Mai 2018 freuen wir uns,<\/strong><\/span><\/span><br \/>\n<span style=\"color: #ff6600; font-family: trebuchet ms,geneva,sans-serif; font-size: 14pt;\"><strong>Sie beim allj\u00e4hrlichen Spargelfest<\/strong><\/span><br \/>\n<span style=\"color: #ff6600; font-family: trebuchet ms,geneva,sans-serif; font-size: 14pt;\"><strong>auf dem Spargelhof L\u00f6venich<\/strong><\/span><br \/>\n<span style=\"color: #ff6600; font-family: trebuchet ms,geneva,sans-serif; font-size: 14pt;\"><strong>in G\u00fcrzenich begr\u00fc\u00dfen zu d\u00fcrfen.<\/strong><\/span><\/p>\n<p style=\"text-align: center;\"><span style=\"font-family: trebuchet ms,geneva,sans-serif;\">Wie jedes Jahr erwarten wir Sie wieder<\/span><br \/>\n<span style=\"font-family: trebuchet ms,geneva,sans-serif;\">mit vielen K\u00f6stlichkeiten<\/span><br \/>\n<span style=\"font-family: trebuchet ms,geneva,sans-serif;\">rund um den G\u00fcrzenicher Spargel!<br \/>\n<\/span><br \/>\n<span style=\"font-family: trebuchet ms,geneva,sans-serif;\">Besuchen Sie uns!<\/span><br \/>\n<span style=\"font-family: trebuchet ms,geneva,sans-serif;\">Wir freuen uns auf Sie!!!<\/span><br \/>\n<span style=\"font-family: trebuchet ms,geneva,sans-serif;\"><br \/>\n<strong>Richard B\u00fchl<\/strong><\/span><br \/>\n<span style=\"font-family: trebuchet ms,geneva,sans-serif;\"><strong>&amp; sein Team von DaCapomobil<\/strong><\/span><\/p>\n<p style=\"text-align: center;\">__________________________________________<\/p>\n<p>&nbsp;<\/p>\n<p style=\"text-align: center;\"><span style=\"color: #ff6600; font-size: 12pt;\"><strong><span style=\"font-family: verdana,geneva,sans-serif;\">Am Samstag, den 7.&nbsp;Oktober 2017 freuen wir uns,<br \/>\nSie hier bei uns im Bistro DaCapo&nbsp;zu<br \/>\n&#8222;Pasta la Musica&#8220;<br \/>\nempfangen zu d\u00fcrfen.<\/span><\/strong><\/span><\/p>\n<p style=\"text-align: center;\"><span style=\"font-size: 14pt;\"><span style=\"color: #ff0000; font-family: verdana,geneva,sans-serif; font-size: 12pt;\"><span style=\"color: #000000; font-family: trebuchet ms,geneva,sans-serif;\">Wir erwarten Sie zu einem<br \/>\nk\u00f6stlichen italienischen Dinner &amp; italienischer Musik<\/span><\/span><span style=\"color: #ff0000; font-family: verdana,geneva,sans-serif; font-size: 12pt;\"><span style=\"color: #000000; font-family: trebuchet ms,geneva,sans-serif;\">!<br \/>\nEin kulinarischer &amp; musikalischer Hochgenuss!<\/span><br \/>\n<span style=\"color: #000000; font-family: trebuchet ms,geneva,sans-serif;\"><br \/>\n<\/span><\/span><\/span><span style=\"font-size: 14pt;\"><span style=\"color: #ff0000; font-family: verdana,geneva,sans-serif; font-size: 12pt;\"><span style=\"color: #000000; font-family: trebuchet ms,geneva,sans-serif;\">Besuchen Sie uns!<br \/>\nWir freuen uns auf Sie!<\/span><b><i><u><sub><sup><span style=\"text-decoration: line-through;\"><br \/>\n<\/span><\/sup><\/sub><\/u><\/i><\/b><\/span><\/span><\/p>\n<p style=\"text-align: center;\"><span style=\"font-size: 12pt;\"><strong><span style=\"font-family: verdana,geneva,sans-serif;\">Richard B\u00fchl<br \/>\n&amp; sein Team von DaCapomobil<\/span><\/strong><\/span><\/p>\n<p style=\"text-align: center;\">&nbsp;<\/p>\n<p style=\"text-align: center;\">__________________________________________<\/p>\n<p style=\"text-align: center;\">&nbsp;<\/p>\n<p style=\"text-align: center;\"><span style=\"color: #ff6600; font-size: 12pt;\"><strong><span style=\"font-family: verdana,geneva,sans-serif;\">Am Sonntag, den 21. Mai 2017 freuen wir uns,<br \/>\nSie beim allj\u00e4hrlichen Spargelfest<br \/>\nauf dem Spargelhof L\u00f6venich<br \/>\nin G\u00fcrzenich begr\u00fc\u00dfen zu d\u00fcrfen.<\/span><\/strong><\/span><\/p>\n<p style=\"text-align: center;\"><span style=\"font-size: 14pt;\"><span style=\"color: #ff0000; font-family: verdana,geneva,sans-serif; font-size: 12pt;\"><span style=\"color: #000000; font-family: trebuchet ms,geneva,sans-serif;\">Wie jedes Jahr erwarten wir Sie<\/span><\/span><span style=\"color: #ff0000; font-family: verdana,geneva,sans-serif; font-size: 12pt;\"><br \/>\n<span style=\"color: #000000; font-family: trebuchet ms,geneva,sans-serif;\">mit vielen K\u00f6stlichkeiten<\/span><br \/>\n<span style=\"color: #000000; font-family: trebuchet ms,geneva,sans-serif;\">rund um den G\u00fcrzenicher Spargel!<\/span><br \/>\n<span style=\"color: #000000; font-family: trebuchet ms,geneva,sans-serif;\">Besuchen Sie uns!<\/span><br \/>\n<\/span><span style=\"color: #ff0000; font-family: verdana,geneva,sans-serif; font-size: 12pt;\"><span style=\"color: #000000; font-family: trebuchet ms,geneva,sans-serif;\">Wir freuen uns auf Sie!!!<\/span><\/span><\/span><\/p>\n<p style=\"text-align: center;\"><span style=\"font-size: 14pt;\"><strong><span style=\"font-family: trebuchet ms,geneva,sans-serif;\">Richard B\u00fchl<\/span><\/strong><\/span><br \/>\n<span style=\"font-size: 14pt;\"><strong><span style=\"font-family: trebuchet ms,geneva,sans-serif;\"> &amp; sein Team von DaCapomobil<\/span><\/strong><\/span><\/p>\n<p style=\"text-align: center;\">&nbsp;<\/p>\n<p style=\"text-align: center;\">__________________________________________<\/p>\n<p style=\"text-align: center;\">&nbsp;<\/p>\n<p style=\"text-align: center;\"><span style=\"color: #ff6600; font-size: 12pt;\"><strong><span style=\"font-family: verdana,geneva,sans-serif;\">Am Mittwoch, den 10. Mai 2017<br \/>\nerwartet Sie Soulfood die Dritte &#8211;<br \/>\ndiesmal das &#8222;Morgen&#8220;<br \/>\n&amp; diesmal wieder im Bistro &#8222;DaCapo&#8220;<br \/>\nim Haus der Stadt.<\/span><\/strong><\/span><\/p>\n<h3 style=\"text-align: center;\"><span style=\"font-family: verdana,geneva,sans-serif; font-size: 12pt;\">Was wird geboten?<\/span><\/h3>\n<p style=\"text-align: center;\"><span style=\"font-family: verdana,geneva,sans-serif; font-size: 12pt;\">Ob Blumenkohl, Basmati oder Buttercreme &#8211; <\/span><br \/>\n<span style=\"font-family: verdana,geneva,sans-serif; font-size: 12pt;\">was wir auf dem Teller haben, sagt viel \u00fcber unser Leben &#8230;<\/span><br \/>\n<span style=\"font-family: verdana,geneva,sans-serif; font-size: 12pt;\"> Vom kargen Eintopf der Nachkriegsjahre \u00fcber den Pulled Pork-Burger <\/span><br \/>\n<span style=\"font-family: verdana,geneva,sans-serif; font-size: 12pt;\">bis hin zum veganen Men\u00fc der Zukunft.<\/span><br \/>\n<span style=\"font-family: verdana,geneva,sans-serif; font-size: 12pt;\"> Gestern, heute, morgen &#8211; <\/span><br \/>\n<span style=\"font-family: verdana,geneva,sans-serif; font-size: 12pt;\">der Journalist und Kulturwissenschaftler Johannes J. Arens <\/span><br \/>\n<span style=\"font-family: verdana,geneva,sans-serif; font-size: 12pt;\">spricht im Talkshowformat mit ganz unterschiedlichen D\u00fcrener G\u00e4sten <\/span><br \/>\n<span style=\"font-family: verdana,geneva,sans-serif; font-size: 12pt;\">\u00fcber ihre kulinarischen Vorlieben, Erinnerungen und Pl\u00e4ne.<\/span><br \/>\n<span style=\"font-family: verdana,geneva,sans-serif; font-size: 12pt;\">Wir werden vor Ort daraus essbare Geschichten f\u00fcr die Zuh\u00f6renden kochen.<\/span><\/p>\n<p style=\"text-align: center;\"><span style=\"font-family: verdana,geneva,sans-serif; font-size: 12pt;\">Tickets 15,00 \u20ac<\/span><\/p>\n<p style=\"text-align: center;\"><span style=\"font-family: verdana,geneva,sans-serif; font-size: 12pt;\">iPUNKT D\u00fcren<\/span><br \/>\n<span style=\"font-family: verdana,geneva,sans-serif; font-size: 12pt;\"> Markt 6<\/span><br \/>\n<span style=\"color: #000000; font-family: verdana,geneva,sans-serif; font-size: 12pt;\"> 02421 \/ 25-2525<\/span><\/p>\n<p style=\"text-align: center;\"><span style=\"font-family: verdana,geneva,sans-serif; font-size: 12pt;\">Besuchen Sie uns!<\/span><br \/>\n<span style=\"font-family: verdana,geneva,sans-serif; font-size: 12pt;\">Wir freuen uns auf Sie!<\/span><\/p>\n<p style=\"text-align: center;\"><span style=\"font-family: verdana,geneva,sans-serif; font-size: 12pt;\">Richard B\u00fchl &amp; sein Team<\/span><\/p>\n<p style=\"text-align: center;\">&nbsp;<\/p>\n<p style=\"text-align: center;\"><span style=\"font-family: verdana,geneva,sans-serif; font-size: 12pt;\">&nbsp;<\/span><\/p>\n<p>&nbsp;<\/p>\n<p>&nbsp;<\/p>\n<p>&nbsp;<\/p>\n<p>&nbsp;<\/p>\n<p>&nbsp;<\/p>\n<p>&nbsp;<\/p>\n<p><u>&nbsp;<\/u><\/p>\n","protected":false},"excerpt":{"rendered":"<p>&nbsp; &nbsp; Bald finden Sie hier auch Vergangenes von Justin Jansen.&nbsp; __________________________________________ Sommerb\u00fchne 2021 mit Au\u00dfengastronomie auf dem Rudolf-Schock-Platz Vorhang auf f\u00fcr die D\u00fcrener Sommerb\u00fchne 2021! Vom 7. August bis 5. September 2021 wird der Rudolf-Schock-Platz vor dem Haus der &hellip; <a href=\"https:\/\/dacapomobil.de\/?page_id=414\">Weiterlesen <span class=\"meta-nav\">&rarr;<\/span><\/a><\/p>\n","protected":false},"author":3,"featured_media":0,"parent":0,"menu_order":0,"comment_status":"closed","ping_status":"closed","template":"","meta":{"ngg_post_thumbnail":0,"footnotes":""},"class_list":["post-414","page","type-page","status-publish","hentry"],"_links":{"self":[{"href":"https:\/\/dacapomobil.de\/index.php?rest_route=\/wp\/v2\/pages\/414","targetHints":{"allow":["GET"]}}],"collection":[{"href":"https:\/\/dacapomobil.de\/index.php?rest_route=\/wp\/v2\/pages"}],"about":[{"href":"https:\/\/dacapomobil.de\/index.php?rest_route=\/wp\/v2\/types\/page"}],"author":[{"embeddable":true,"href":"https:\/\/dacapomobil.de\/index.php?rest_route=\/wp\/v2\/users\/3"}],"replies":[{"embeddable":true,"href":"https:\/\/dacapomobil.de\/index.php?rest_route=%2Fwp%2Fv2%2Fcomments&post=414"}],"version-history":[{"count":44,"href":"https:\/\/dacapomobil.de\/index.php?rest_route=\/wp\/v2\/pages\/414\/revisions"}],"predecessor-version":[{"id":1147,"href":"https:\/\/dacapomobil.de\/index.php?rest_route=\/wp\/v2\/pages\/414\/revisions\/1147"}],"wp:attachment":[{"href":"https:\/\/dacapomobil.de\/index.php?rest_route=%2Fwp%2Fv2%2Fmedia&parent=414"}],"curies":[{"name":"wp","href":"https:\/\/api.w.org\/{rel}","templated":true}]}}